?
15
Suppose 0 = -10*j + 5196 + 244. Suppose -4*z - j = -8*z. What is the greatest common factor of 8 and z?
8
Let o = 181 - 37. Suppose 0 + 54 = 3*x. Calculate the greatest common divisor of x and o.
18
Suppose -3*p = -2*g - 71 - 743, 0 = -4*g - 8. Calculate the greatest common divisor of p and 10.
10
Suppose 2*s + n - 437 = 0, 0*s + 1103 = 5*s - n. Suppose -s = -3*t + 209. Calculate the greatest common factor of t and 11.
11
Let w be (9/(-6))/(6/(-20)). Let g(k) = -2*k - 4. Let q be g(-4). Let r be (-6)/w*(-10)/q. What is the highest common divisor of 6 and r?
3
Let l = 134 + -46. Suppose 2*o + 2*o - l = 5*r, 5*r + 71 = 3*o. What is the highest common divisor of o and 51?
17
Let y be ((-826)/7)/(2/5). Let t(q) = -14*q**2 - 5*q - 6. Let p be t(-4). Let u = p - y. What is the greatest common factor of u and 34?
17
Suppose -3*t = -y - 8, 2*y + 3*y - 20 = 0. Suppose -t*j - j = -150. What is the highest common factor of j and 75?
15
Suppose 3162 = 61*w - 58*w + 3*l, 3*w = -2*l + 3164. What is the highest common divisor of w and 192?
96
Suppose 0 = 5*k + 4*n - 3380, -5*n - 764 = -k - 88. What is the highest common divisor of 104 and k?
52
Suppose 60*i + 42 = 67*i. What is the greatest common factor of i and 354?
6
Let a(t) = -2*t**3 + 21*t**2 - 30*t + 7. Let o be a(8). What is the highest common factor of o and 87?
87
Suppose 0 = -2*n - 4, -5*a + 3*n = -649 + 238. Calculate the greatest common divisor of 9 and a.
9
Let b be (-30)/(-2) - ((-24)/(-6) + -4). Suppose b*q - 20*q + 120 = 0. Calculate the highest common factor of q and 216.
24
Suppose 0 = 5*b + b - 84. Let f = b - -38. Calculate the highest common factor of f and 130.
26
Suppose 0 = 5*n + 3*s - 17 - 2, 0 = -2*n - s + 7. Let l(k) = k - 1. Let u be l(3). Suppose 10 + n = u*f. Calculate the highest common factor of f and 9.
3
Let s = 6 - 18. Let a(c) be the third derivative of -c**4/8 + 3*c**3/2 + 2*c**2 + 8. Let m be a(s). What is the highest common factor of m and 30?
15
Suppose -2*s - 452 + 1352 = 0. Calculate the greatest common divisor of 36 and s.
18
Let n be 3 - -12 - (-4 - -7). Let h(x) = x**3 + 3*x**2 + 2*x. Let u be h(3). What is the highest common factor of n and u?
12
Let r(q) = -q**2 - 35*q - 104. Let i be r(-4). Calculate the greatest common factor of 580 and i.
20
Suppose -4*g + 8 = -0*g. Let a = -184 - -188. Suppose g*i - a*i + 12 = 0. What is the greatest common factor of 48 and i?
6
Let y(b) = 2*b + 7. Let r = 10 - 7. Let k be y(r). Let h = 27 - k. Calculate the greatest common divisor of h and 35.
7
Let i be 4*(-30)/(-24) - -1155. What is the highest common factor of i and 20?
20
Let l = -27 - -42. Let i = 157 - 151. Let q be (-5*(-4)/14)/(i/21). Calculate the greatest common factor of q and l.
5
Suppose -5*d = -3*y - 651, 3*d - 2*y - 405 = -5*y. Calculate the greatest common divisor of 396 and d.
132
Let c(i) = 2*i**2 - 2*i - 25. Let v be c(6). Let q = 96 + -89. What is the highest common factor of v and q?
7
Let n be (1/(-3))/(9/81*-1). Calculate the greatest common factor of n and 447.
3
Let s = 77 - 44. Suppose 2035*d - 2055*d + 440 = 0. Calculate the highest common factor of s and d.
11
Let m = 1301 + -1153. Calculate the highest common divisor of m and 185.
37
Let u(x) = -5*x**2 + 12*x + 10. Let n(j) = 4*j**2 - 11*j - 10. Let m(g) = 4*n(g) + 3*u(g). Let f be m(10). Calculate the greatest common factor of 20 and f.
10
Suppose -95 = -2*q - 3*q. Suppose 2*o + 3*v = 12, 4*v - 19 + 3 = 4*o. Suppose 3*l - 7*l + 608 = o. Calculate the highest common divisor of l and q.
19
Let x(p) = 20*p**2 + p + 3. Let s be x(-4). Let y be -4*(-1)/(-8)*-66 + -4. What is the greatest common factor of y and s?
29
Let i(s) = 15*s - 101. Let n be i(7). Calculate the highest common divisor of 36 and n.
4
Suppose -6*c - 2 + 536 = 0. Calculate the greatest common factor of 1 and c.
1
Suppose g = -5*o + 102, -4*o + 5*g + 66 = -33. Calculate the greatest common divisor of o and 28.
7
Let m be 1/(1*(-2)/(-6)). Suppose -26*r + 88 = -4*r. Suppose m*w + w = 4*h - 96, r*w = -4. What is the greatest common factor of 23 and h?
23
Let a = -198 + 272. Calculate the highest common divisor of a and 518.
74
Let u = -306 - -339. Calculate the highest common divisor of u and 264.
33
Let s(v) = 7*v + 58. Let x be s(-24). Let n = x + 126. Calculate the greatest common factor of n and 8.
8
Let o(w) = -17*w + 63. Let n be o(3). Calculate the highest common factor of n and 84.
12
Let p = -30 - -39. Suppose -4*o = -5*c + p, -c = 3*o - 3*c - 2. Calculate the greatest common divisor of o and 36.
4
Suppose -66 = -2*k - k. Let s be (1 + 230)*54/81. Calculate the highest common factor of s and k.
22
Let j be (-6386)/(-6) + (-472)/(-177). What is the greatest common factor of 11 and j?
11
Let a = 116 + -112. Let h be (-30588)/(-78) + a/(-26). Calculate the highest common factor of h and 49.
49
Let p = 18 - 15. Suppose -p*q + 124 = 4*w, w - 3*q - 13 = 3. What is the greatest common divisor of w and 224?
28
Suppose -u + 489 = 3*o, -11*o + 9*o - 2*u + 330 = 0. Calculate the greatest common factor of 90 and o.
18
Let v be 6*3*(61 - 59). What is the highest common divisor of v and 228?
12
Let m be (-8)/(-10)*(-130)/(-52). Suppose 3*x - 3*b - 33 = 0, -m*x - x = 3*b - 39. Calculate the greatest common factor of 12 and x.
12
Suppose 16 = -5*q - 3*p + 35, -q - 3*p - 1 = 0. Let j be 2/(-7) - (-9)/7. Calculate the highest common divisor of j and q.
1
Let z = -67 + 92. Let d = z + -20. What is the greatest common divisor of 65 and d?
5
Suppose -4*p - c = -2*p - 39, 4*c - 36 = -2*p. Let s be 2/(-11) - p/11. Let m be s + -3 + 6 + 3. What is the greatest common factor of m and 1?
1
Let j be (-6)/33 - 10*(-14)/44. Let c be (-1)/((-2)/22) - (j + -5). Calculate the highest common divisor of 104 and c.
13
Suppose -17*f + 36*f - 1026 = 0. What is the greatest common divisor of f and 27?
27
Suppose -3*q + n + 21 = -0*q, 5*q = -3*n + 49. Calculate the greatest common divisor of q and 128.
8
Suppose 0 = 2*t - 1503 + 95. Suppose 4*s = 4*z - t, 7*z + 2*s - 880 = 2*z. Let o = 293 - z. What is the greatest common divisor of 13 and o?
13
Suppose 54 = 2*u - 12. What is the greatest common divisor of 22 and u?
11
Let g(u) = u**2 - 4*u + 24. Let d(o) = o**3 + 5*o**2 + 4*o - 4. Let b be d(-2). Let n be g(b). What is the highest common factor of 36 and n?
12
Let w be (-2)/4*(-15 + 7) + 28. Calculate the highest common divisor of 72 and w.
8
Let q(r) = -10*r - 87. Let c be q(-7). Let f be (-2 - -3)/((-1)/21). Let h = c - f. Calculate the greatest common factor of 4 and h.
4
Suppose n - 42 = -3*p, -2*p - 112 + 14 = -4*n. What is the greatest common factor of n and 135?
27
Let x(n) = 3*n**2 + 5*n - 2. Let j be x(6). Calculate the highest common divisor of j and 16.
8
Let i(k) = -3*k**2 + 5 + 6*k**3 - 8*k**3 + 3*k**3 - 6*k - 2*k**2. Let a be i(6). What is the greatest common divisor of 35 and a?
5
Suppose 4*t + 3 = 7*t. Let l be -1 + 3/t + 28. What is the greatest common divisor of l and 10?
10
Let t be (-29 - (-6 + -2))*-1. Suppose -4*n + 5*p + 405 = 0, n - p = 53 + 49. Calculate the greatest common factor of n and t.
21
Let r = 141 - 131. Suppose 7*w - 4*w - 15 = 0. Calculate the highest common divisor of r and w.
5
Let w = -713 + 960. What is the greatest common divisor of w and 13?
13
Let f = 192 - 49. Calculate the greatest common divisor of 39 and f.
13
Let k be 540/81*(-6)/(-5). Suppose 5*j = 2*j + 264. What is the highest common factor of j and k?
8
Let g(c) = -c**3 - c**2 + 4*c + 4. Let x be g(0). Calculate the highest common factor of x and 8.
4
Suppose -2*y - 2 = 4*d, 3*y - 5 = -3*d + 8*y. Suppose d = l + 3*q - 5, -l = -0*l - q - 25. What is the highest common factor of l and 180?
20
Let t(g) = g**3 + 12*g**2 + 13*g + 31. Let x be t(-11). Let l(r) = -r**2 - 15*r - 8. Let s be l(-13). Calculate the highest common divisor of x and s.
9
Suppose -w = 82*w - 89474. What is the greatest common divisor of 22 and w?
22
Let q be 1320/(-605)*(-22)/4. Calculate the greatest common divisor of 156 and q.
12
Suppose -d + 1 = 0, 0 = -5*u + 6*d - d + 10. Let w(z) = 11*z - 9. Let o be w(u). Calculate the greatest common factor of o and 16.
8
Let s(r) = 119*r**3 + 2*r**2 - 1. Let o be s(1). Let m be 15*((-105)/(-75) + 2/(-5)). Calculate the highest common facto